29316191.
491, 1892701
What are the prime factors of 3363062025?
3, 5, 44840827
List the prime factors of 38033615.
5, 1213, 6271
List the prime factors of 902187073.
18233, 49481
What are the prime factors of 68131353?
3, 29, 783119
What are the prime factors of 1008513885?
3, 5, 3323, 20233
What are the prime factors of 3149333996?
2, 29, 107, 253733
List the prime factors of 470332265.
5, 13, 61, 118621
What are the prime factors of 56522704?
2, 7, 504667
List the prime factors of 48246114.
2, 3, 7, 389, 2953
List the prime factors of 171581758.
2, 449, 191071
List the prime factors of 140595273.
3, 7, 13, 41, 53, 79
What are the prime factors of 155951620?
2, 5, 11, 19, 37309
What are the prime factors of 411705054?
2, 3, 29, 47, 97, 173
What are the prime factors of 8240146510?
2, 5, 824014651
What are the prime factors of 1650057721?
13, 181, 701257
What are the prime factors of 1729563553?
1729563553
List the prime factors of 2929399331.
347, 1601, 5273
What are the prime factors of 80332975?
5, 97, 157, 211
What are the prime factors of 58687093?
1061, 55313
List the prime factors of 1558746003.
3, 519582001
List the prime factors of 8934315.
3, 5, 13, 45817
What are the prime factors of 621278857?
17911, 34687
What are the prime factors of 13860106?
2, 13, 191, 2791
What are the prime factors of 4157339?
4157339
List the prime factors of 691484229.
3, 41, 613, 1019
What are the prime factors of 265723898?
2, 11, 3301, 3659
What are the prime factors of 156343790?
2, 5, 1367, 11437
What are the prime factors of 909131894?
2, 11, 4231, 9767
List the prime factors of 392420032.
2, 443, 13841
What are the prime factors of 2371694657?
23, 1033, 99823
List the prime factors of 24026412.
2, 3, 19, 105379
What are the prime factors of 1507162917?
3, 13, 199, 194197
List the prime factors of 62553559.
3863, 16193
List the prime factors of 183279967.
13, 31, 313, 1453
What are the prime factors of 147147692?
2, 1933, 19031
List the prime factors of 1864419683.
7, 4903, 54323
List the prime factors of 54520618.
2, 4013, 6793
List the prime factors of 1017306897.
3, 37, 9164927
List the prime factors of 1579346770.
2, 5, 31, 5094667
What are the prime factors of 4452820263?
3, 23, 7170403
List the prime factors of 3604798420.
2, 5, 31, 523, 11117
What are the prime factors of 217372874?
2, 59, 199, 9257
List the prime factors of 1902748251.
3, 199, 857, 3719
List the prime factors of 33593888.
2, 1049809
List the prime factors of 90438019.
7, 12919717
What are the prime factors of 6205666759?
6205666759
What are the prime factors of 212467815?
3, 5, 7, 674501
What are the prime factors of 252207030?
2, 3, 5, 8406901
List the prime factors of 109639328.
2, 3426229
List the prime factors of 17697565.
5, 1297, 2729
List the prime factors of 7233056.
2, 37, 41, 149
What are the prime factors of 78364872?
2, 3, 103, 10567
What are the prime factors of 1248526176?
2, 3, 19, 89, 7691
List the prime factors of 247575634.
2, 23, 5382079
What are the prime factors of 1215800182?
2, 607900091
List the prime factors of 183860298.
2, 3, 23, 19309
What are the prime factors of 857316547?
13093, 65479
List the prime factors of 11423458.
2, 449, 12721
What are the prime factors of 85905493?
85905493
What are the prime factors of 36856660?
2, 5, 79, 23327
What are the prime factors of 789014700?
2, 3, 5, 439, 1997
What are the prime factors of 422523119?
422523119
List the prime factors of 531131681.
19, 2591, 10789
List the prime factors of 186194151.
3, 11, 13, 199, 727
List the prime factors of 19358766.
2, 3, 7, 153641
What are the prime factors of 45937503?
3, 1701389
What are the prime factors of 3286482?
2, 3, 547747
What are the prime factors of 2043339260?
2, 5, 102166963
What are the prime factors of 1628563263?
3, 17, 1878389
What are the prime factors of 38014517?
1663, 22859
What are the prime factors of 61878390?
2, 3, 5, 7, 294659
List the prime factors of 66648235.
5, 29, 419, 1097
List the prime factors of 8444166449.
73, 1657, 69809
What are the prime factors of 89288400?
2, 3, 5, 37, 2011
What are the prime factors of 74363293?
53, 1403081
What are the prime factors of 74029599?
3, 7, 391691
What are the prime factors of 34309525?
5, 641, 2141
List the prime factors of 235602810.
2, 3, 5, 41, 21283
What are the prime factors of 123436930?
2, 5, 12343693
What are the prime factors of 135776457?
3, 15086273
List the prime factors of 117556278.
2, 3, 7, 31, 90289
List the prime factors of 8868150.
2, 3, 5, 6569
What are the prime factors of 5166598070?
2, 5, 281, 881, 2087
List the prime factors of 125202453.
3, 421, 99131
What are the prime factors of 126971003?
126971003
List the prime factors of 24000753.
3, 7, 17, 23, 37, 79
List the prime factors of 158896438.
2, 43, 53, 71, 491
What are the prime factors of 235423297?
53, 4441949
What are the prime factors of 97113598?
2, 19, 127, 20123
What are the prime factors of 58797991?
7, 673, 1783
What are the prime factors of 850003120?
2, 5, 10625039
List the prime factors of 53907151.
79, 151, 4519
What are the prime factors of 221898041?
509, 435949
List the prime factors of 256796337.
3, 7, 12228397
What are the prime factors of 910765906?
2, 47, 1597, 6067
What are the prime factors of 2770350470?
2, 5, 6113, 45319
List the prime factors of 4149314.
2, 13, 159589
List the prime factors of 136720159.
1103, 123953
What are the prime factors of 42166901?
7, 41, 139, 151
List the prime factors of 170952283.
170952283
List the prime factors of 108050979.
3, 47, 691, 1109
List the prime factors of 23502582.
2, 3, 19, 22907
List the prime factors of 902800863.
3, 47, 711427
What are the prime factors of 297318228?
2, 3, 59, 463, 907
List the prime factors of 244041129.
3, 71, 381911
List the prime factors of 1114069.
11, 101279
What are the prime factors of 604904581?
31, 83, 233, 1009
What are the prime factors of 3693207780?
2, 3, 5, 20517821
List the prime factors of 258294404.
2, 263, 245527
What are the prime factors of 619384417?
41, 139, 251, 433
List the prime factors of 896211969.
3, 19, 29, 463, 1171
What are the prime factors of 5820575252?
2, 31, 46940123
List the prime factors of 16024653.
3, 1780517
What are the prime factors of 2490829113?
3, 4079, 203549
List the prime factors of 1720903932.
2, 3, 11, 1627, 2671
List the prime factors of 2970503571.
3, 7, 887, 159473
What are the prime factors of 759237118?
2, 107, 3547837
List the prime factors of 751294600.
2, 5, 7, 17, 31567
What are the prime factors of 314138024?
2, 1009, 38917
What are the prime factors of 332057366?
2, 29, 269, 21283
List the prime factors of 107076479.
2017, 53087
What are the prime factors of 211096245?
3, 5, 43, 293, 1117
List the prime factors of 640534768.
2, 40033423
What are the prime factors of 433370782?
2, 13, 16668107
List the prime factors of 3309138758.
2, 12163, 136033
List the prime factors of 21044689.
181, 116269
List the prime factors of 5558928.
2, 3, 115811
What are the prime factors of 536215039?
17749, 30211
List the prime factors of 351672045.
3, 5, 19, 97, 12721
List the prime factors of 2246003244.
2, 3, 1699, 36721
List the prime factors of 542442878.
2, 271221439
List the prime factors of 1443406352.
2, 17, 101, 52541
List the prime factors of 20021634.
2, 3, 101, 3671
List the prime factors of 5899450.
2, 5, 117989
List the prime factors of 7562495.
5, 149, 10151
List the prime factors of 3827115.
3, 5, 28349
What are the prime factors of 1452823?
401, 3623
List the prime factors of 71778214.
2, 35889107
What are the prime factors of 500290082?
2, 250145041
What are the prime factors of 410977580?
2, 5, 13, 121591
What are the prime factors of 254711775?
3, 5, 23, 149, 991
List the prime factors of 117053808.
2, 3, 23, 229, 463
List the prime factors of 1452946188.
2, 3, 19, 67, 227, 419
What are the prime factors of 134740291?
7, 31, 83, 7481
List the prime factors of 403508675.
5, 41, 393667
What are the prime factors of 3771557?
19, 198503
List the prime factors of 207227320.
2, 5, 43, 211, 571
List the prime factors of 14375833.
14375833
What are the prime factors of 6348696168?
2, 3, 41, 6451927
What are the prime factors of 4945281042?
2, 3, 13, 4877003
What are the prime f